{"id":575,"date":"2024-02-20T12:35:27","date_gmt":"2024-02-20T12:35:27","guid":{"rendered":"https:\/\/pool-spa.sk\/index.php\/product\/keramicky-bazen-xl-lounger-copy\/"},"modified":"2024-05-27T14:18:41","modified_gmt":"2024-05-27T14:18:41","slug":"keramicky-bazen-java","status":"publish","type":"product","link":"https:\/\/pool-spa.sk\/index.php\/product\/keramicky-bazen-java\/","title":{"rendered":"Java"},"content":{"rendered":"<div class=\"wpb-content-wrapper\"><p>[vc_row][vc_column][vc_column_text]<\/p>\n<ul>\n<li><strong>\u0161irok\u00e9 schodisko<\/strong>\u00a0pre pohodln\u00fd vstup aj posedenie<\/li>\n<li>bezpe\u010dnostn\u00fd stupienok po obvode cel\u00e9ho baz\u00e9na<\/li>\n<li>schody a dno baz\u00e9na maj\u00fa\u00a0<strong>proti\u0161mykov\u00fa \u00fapravu<\/strong><\/li>\n<\/ul>\n<p>[\/vc_column_text]<div class=\"grve-empty-space grve-height-2x\"><\/div>[vc_raw_html]JTVCb3hpbGFiX2ZsaXBfYm94JTIwaWQlM0QlMjIxJTIyJTVE[\/vc_raw_html][\/vc_column][\/vc_row][vc_row][vc_column][vc_tta_accordion active_section=&#8220;9&#8243;][vc_tta_section title=&#8220;Protipr\u00fad&#8220; tab_id=&#8220;1708102819405-2e2c011e-3289&#8243;][vc_column_text]V\u010faka\u00a0<strong>baz\u00e9nov\u00e9mu protipr\u00fadu<\/strong>\u00a0sa d\u00e1 \u0161portovo pl\u00e1va\u0165 aj v men\u0161om baz\u00e9ne.<\/p>\n<p><img loading=\"lazy\" decoding=\"async\" class=\"alignnone size-full wp-image-498\" src=\"https:\/\/pool-spa.sk\/wp-content\/uploads\/2024\/02\/x1.jpg\" alt=\"\" width=\"300\" height=\"189\" \/>[\/vc_column_text][\/vc_tta_section][vc_tta_section title=&#8220;Zastre\u0161enie baz\u00e9na&#8220; tab_id=&#8220;1708102819417-fead30c9-f594&#8243;][vc_column_text]<strong>Baz\u00e9nov\u00e9 zastre\u0161enie<\/strong>\u00a0pred\u013a\u017ei k\u00fapaciu sez\u00f3nu, udr\u017euje baz\u00e9n tepl\u00fd a chr\u00e1ni ho pred ne\u010distotami.<\/p>\n<p><img loading=\"lazy\" decoding=\"async\" class=\"alignnone size-full wp-image-499\" src=\"https:\/\/pool-spa.sk\/wp-content\/uploads\/2024\/02\/x2.jpg\" alt=\"\" width=\"300\" height=\"164\" \/>[\/vc_column_text][\/vc_tta_section][vc_tta_section title=&#8220;Lamelov\u00e9 prekrytie&#8220; tab_id=&#8220;1708102885199-4c603a9e-c9e6&#8243;][vc_column_text]Integrovan\u00e9 roletov\u00e9 prekrytie efekt\u00edvne zohrieva vodu v baz\u00e9ne a z\u00e1rove\u0148 zais\u0165uje jeho bezpe\u010dnos\u0165.<\/p>\n<p><img loading=\"lazy\" decoding=\"async\" class=\"alignnone size-full wp-image-500\" src=\"https:\/\/pool-spa.sk\/wp-content\/uploads\/2024\/02\/x3.jpg\" alt=\"\" width=\"300\" height=\"150\" \/>[\/vc_column_text][\/vc_tta_section][vc_tta_section title=&#8220;Samo\u010distiaci syst\u00e9m&#8220; tab_id=&#8220;1708102886347-03a13327-0f2e&#8220;][vc_column_text]Nem\u00e1te \u010das stara\u0165 sa o baz\u00e9n? Samo\u010distiaci baz\u00e9n sa\u00a0<strong>s\u00e1m vy\u010dist\u00ed<\/strong>, u\u0161etr\u00ed peniaze a spotrebuje menej ch\u00e9mie.<\/p>\n<p><img loading=\"lazy\" decoding=\"async\" class=\"alignnone size-full wp-image-501\" src=\"https:\/\/pool-spa.sk\/wp-content\/uploads\/2024\/02\/x4.jpg\" alt=\"\" width=\"300\" height=\"182\" \/>[\/vc_column_text][\/vc_tta_section][\/vc_tta_accordion][\/vc_column][\/vc_row][vc_row][vc_column][vc_raw_html]JTNDZmlndXJlJTIwY2xhc3MlM0QlMjJ3cC1ibG9jay10YWJsZSUyMiUzRSUwQSUzQ3RhYmxlJTNFJTBBJTNDdGJvZHklM0UlMEElM0N0ciUzRSUwQSUzQ3RkJTNFTU9ERUwlM0MlMkZ0ZCUzRSUwQSUzQ3RkJTNFRCVDNCVCOSVDNSVCREtBJTNDJTJGdGQlM0UlMEElM0N0ZCUzRSVDNSVBMCVDMyU4RFJLQSUzQyUyRnRkJTNFJTBBJTNDdGQlM0VIJUM0JUI5QktBJTNDJTJGdGQlM0UlMEElM0N0ZCUzRU9CSkVNJTNDJTJGdGQlM0UlMEElM0N0ZCUzRVJPTEVUQSUzQyUyRnRkJTNFJTBBJTNDJTJGdHIlM0UlMEElM0N0ciUzRSUwQSUzQ3RkJTNFSkFWQSUyMDEwMSUzQyUyRnRkJTNFJTBBJTNDdGQlM0UxMCUyQzAzbSUzQyUyRnRkJTNFJTBBJTNDdGQlM0UzJTJDODBtJTNDJTJGdGQlM0UlMEElM0N0ZCUzRTElMkM1MG0lM0MlMkZ0ZCUzRSUwQSUzQ3RkJTNFNDltJTNDc3Ryb25nJTNFJUMyJUIzJTNDJTJGc3Ryb25nJTNFJTBBJTNDJTJGdGQlM0UlMEElM0N0ZCUzRS0lM0MlMkZ0ZCUzRSUwQSUzQyUyRnRyJTNFJTBBJTNDdHIlM0UlMEElM0N0ZCUzRVhMLUpBVkElMjAxMTQlM0MlMkZ0ZCUzRSUwQSUzQ3RkJTNFMTElMkM0MG0lM0MlMkZ0ZCUzRSUwQSUzQ3RkJTNFMyUyQzk2bSUzQyUyRnRkJTNFJTBBJTNDdGQlM0UxJTJDMTAtMSUyQzY4bSUzQyUyRnRkJTNFJTBBJTNDdGQlM0U1Mm0lM0NzdHJvbmclM0UlQzIlQjMlM0MlMkZzdHJvbmclM0UlMEElM0MlMkZ0ZCUzRSUwQSUzQ3RkJTNFJTJCJTNDJTJGdGQlM0UlMEElM0MlMkZ0ciUzRSUwQSUzQyUyRnRib2R5JTNFJTBBJTNDJTJGdGFibGUlM0UlMEElM0MlMkZmaWd1cmUlM0U=[\/vc_raw_html][\/vc_column][\/vc_row][vc_row][vc_column width=&#8220;1\/2&#8243;]<div data-animation=\"fade-in\" data-delay=\"100\" data-duration=\"normal\" class=\"grve-element grve-image grve-align-center grve-animated-item\">\r\n\t<div class=\"grve-image-item\">\r\n\t\t\r\n\r\n<div class=\"grve-image-wrapper grve-no-effect\">\r\n\t\t<div class=\"grve-thumbnail-wrapper\"  style=\"width: 793px;\"><div class=\"grve-thumbnail\"  style=\"padding-top: 62.295%;\"><img loading=\"lazy\" decoding=\"async\" width=\"793\" height=\"494\" src=\"https:\/\/pool-spa.sk\/wp-content\/uploads\/2024\/02\/Java_101.png\" class=\"attachment-full size-full\" alt=\"\" data-column-space=\"auto\" data-lazyload=\"\" data-grve-filter=\"yes\" srcset=\"https:\/\/pool-spa.sk\/wp-content\/uploads\/2024\/02\/Java_101.png 793w, https:\/\/pool-spa.sk\/wp-content\/uploads\/2024\/02\/Java_101-300x187.png 300w, https:\/\/pool-spa.sk\/wp-content\/uploads\/2024\/02\/Java_101-768x478.png 768w\" sizes=\"auto, (max-width: 793px) 100vw, 793px\" \/><\/div><\/div>\t<\/div>\r\n\t<\/div>\r\n<\/div>\r\n[\/vc_column][vc_column width=&#8220;1\/2&#8243;]<div class=\"grve-element grve-image grve-align-center\">\r\n\t<div class=\"grve-image-item\">\r\n\t\t\r\n\r\n<div class=\"grve-image-wrapper grve-no-effect\">\r\n\t\t<div class=\"grve-thumbnail-wrapper\"  style=\"width: 918px;\"><div class=\"grve-thumbnail\"  style=\"padding-top: 47.168%;\"><img loading=\"lazy\" decoding=\"async\" width=\"918\" height=\"433\" src=\"https:\/\/pool-spa.sk\/wp-content\/uploads\/2024\/02\/XL_Java_114.png\" class=\"attachment-full size-full\" alt=\"\" data-column-space=\"auto\" data-lazyload=\"\" data-grve-filter=\"yes\" srcset=\"https:\/\/pool-spa.sk\/wp-content\/uploads\/2024\/02\/XL_Java_114.png 918w, https:\/\/pool-spa.sk\/wp-content\/uploads\/2024\/02\/XL_Java_114-300x142.png 300w, https:\/\/pool-spa.sk\/wp-content\/uploads\/2024\/02\/XL_Java_114-768x362.png 768w\" sizes=\"auto, (max-width: 918px) 100vw, 918px\" \/><\/div><\/div>\t<\/div>\r\n\t<\/div>\r\n<\/div>\r\n[\/vc_column][\/vc_row]<\/p>\n<\/div>","protected":false},"excerpt":{"rendered":"<p>Zapusten\u00fd baz\u00e9n\u00a0<strong>s rom\u00e1nskym schodiskom<\/strong>\u00a0a rovn\u00fdm alebo \u0161ikm\u00fdm dnom. Klasick\u00fd dizajn keramick\u00e9ho baz\u00e9nu JAVA je vhodn\u00fd k tradi\u010dnej i modernej architekt\u00fare.<\/p>\n","protected":false},"featured_media":833,"template":"","meta":[],"product_cat":[17,21],"product_tag":[],"class_list":{"0":"post-575","1":"product","2":"type-product","3":"status-publish","4":"has-post-thumbnail","6":"product_cat-keramicke-bazeny","7":"product_cat-velke-keramicke-bazeny","8":"grve-entry-item","10":"first","11":"instock","12":"shipping-taxable","13":"product-type-simple"},"_links":{"self":[{"href":"https:\/\/pool-spa.sk\/index.php\/wp-json\/wp\/v2\/product\/575","targetHints":{"allow":["GET"]}}],"collection":[{"href":"https:\/\/pool-spa.sk\/index.php\/wp-json\/wp\/v2\/product"}],"about":[{"href":"https:\/\/pool-spa.sk\/index.php\/wp-json\/wp\/v2\/types\/product"}],"wp:featuredmedia":[{"embeddable":true,"href":"https:\/\/pool-spa.sk\/index.php\/wp-json\/wp\/v2\/media\/833"}],"wp:attachment":[{"href":"https:\/\/pool-spa.sk\/index.php\/wp-json\/wp\/v2\/media?parent=575"}],"wp:term":[{"taxonomy":"product_cat","embeddable":true,"href":"https:\/\/pool-spa.sk\/index.php\/wp-json\/wp\/v2\/product_cat?post=575"},{"taxonomy":"product_tag","embeddable":true,"href":"https:\/\/pool-spa.sk\/index.php\/wp-json\/wp\/v2\/product_tag?post=575"}],"curies":[{"name":"wp","href":"https:\/\/api.w.org\/{rel}","templated":true}]}}