{"id":569,"date":"2024-02-20T12:16:49","date_gmt":"2024-02-20T12:16:49","guid":{"rendered":"https:\/\/pool-spa.sk\/index.php\/product\/keramicky-bazen-xl-lounger-copy\/"},"modified":"2024-05-21T13:56:16","modified_gmt":"2024-05-21T13:56:16","slug":"keramicky-bazen-xl-fast-lane","status":"publish","type":"product","link":"https:\/\/pool-spa.sk\/index.php\/product\/keramicky-bazen-xl-fast-lane\/","title":{"rendered":"XL-Fast Lane"},"content":{"rendered":"<div class=\"wpb-content-wrapper\"><p>[vc_row][vc_column][vc_column_text]<\/p>\n<ul>\n<li><strong>baz\u00e9nov\u00e9 schodisko<\/strong>\u00a0s relaxa\u010dnou \u010das\u0165ou v rohu baz\u00e9na<\/li>\n<li>miesto pre in\u0161tal\u00e1ciu integrovanej\u00a0baz\u00e9novej rolety<\/li>\n<li>madlo na pozd\u013a\u017enych sten\u00e1ch u\u013eah\u010duje v\u00fdstup z baz\u00e9na<\/li>\n<li>stupienok po celom obvode baz\u00e9na dod\u00e1v\u00e1 menej zdatn\u00fdm plavcom pocit bezpe\u010dia<\/li>\n<li>schody a dno baz\u00e9na s\u00a0<strong>proti\u0161mykovou \u00fapravou<\/strong><\/li>\n<\/ul>\n<p>[\/vc_column_text]<div class=\"grve-empty-space grve-height-2x\"><\/div>[vc_raw_html]JTVCb3hpbGFiX2ZsaXBfYm94JTIwaWQlM0QlMjIxJTIyJTVE[\/vc_raw_html][\/vc_column][\/vc_row][vc_row][vc_column][vc_tta_accordion active_section=&#8220;9&#8243;][vc_tta_section title=&#8220;Protipr\u00fad&#8220; tab_id=&#8220;1708102819405-2e2c011e-3289&#8243;][vc_column_text]V\u010faka\u00a0<strong>baz\u00e9nov\u00e9mu protipr\u00fadu<\/strong>\u00a0sa d\u00e1 \u0161portovo pl\u00e1va\u0165 aj v men\u0161om baz\u00e9ne.<\/p>\n<p><img loading=\"lazy\" decoding=\"async\" class=\"alignnone size-full wp-image-498\" src=\"https:\/\/pool-spa.sk\/wp-content\/uploads\/2024\/02\/x1.jpg\" alt=\"\" width=\"300\" height=\"189\" \/>[\/vc_column_text][\/vc_tta_section][vc_tta_section title=&#8220;Zastre\u0161enie baz\u00e9na&#8220; tab_id=&#8220;1708102819417-fead30c9-f594&#8243;][vc_column_text]<strong>Baz\u00e9nov\u00e9 zastre\u0161enie<\/strong>\u00a0pred\u013a\u017ei k\u00fapaciu sez\u00f3nu, udr\u017euje baz\u00e9n tepl\u00fd a chr\u00e1ni ho pred ne\u010distotami.<\/p>\n<p><img loading=\"lazy\" decoding=\"async\" class=\"alignnone size-full wp-image-499\" src=\"https:\/\/pool-spa.sk\/wp-content\/uploads\/2024\/02\/x2.jpg\" alt=\"\" width=\"300\" height=\"164\" \/>[\/vc_column_text][\/vc_tta_section][vc_tta_section title=&#8220;Lamelov\u00e9 prekrytie&#8220; tab_id=&#8220;1708102885199-4c603a9e-c9e6&#8243;][vc_column_text]Integrovan\u00e9 roletov\u00e9 prekrytie efekt\u00edvne zohrieva vodu v baz\u00e9ne a z\u00e1rove\u0148 zais\u0165uje jeho bezpe\u010dnos\u0165.<\/p>\n<p><img loading=\"lazy\" decoding=\"async\" class=\"alignnone size-full wp-image-500\" src=\"https:\/\/pool-spa.sk\/wp-content\/uploads\/2024\/02\/x3.jpg\" alt=\"\" width=\"300\" height=\"150\" \/>[\/vc_column_text][\/vc_tta_section][vc_tta_section title=&#8220;Samo\u010distiaci syst\u00e9m&#8220; tab_id=&#8220;1708102886347-03a13327-0f2e&#8220;][vc_column_text]Nem\u00e1te \u010das stara\u0165 sa o baz\u00e9n? Samo\u010distiaci baz\u00e9n sa\u00a0<strong>s\u00e1m vy\u010dist\u00ed<\/strong>, u\u0161etr\u00ed peniaze a spotrebuje menej ch\u00e9mie.<\/p>\n<p><img loading=\"lazy\" decoding=\"async\" class=\"alignnone size-full wp-image-501\" src=\"https:\/\/pool-spa.sk\/wp-content\/uploads\/2024\/02\/x4.jpg\" alt=\"\" width=\"300\" height=\"182\" \/>[\/vc_column_text][\/vc_tta_section][\/vc_tta_accordion][\/vc_column][\/vc_row][vc_row][vc_column][vc_raw_html]JTNDZmlndXJlJTIwY2xhc3MlM0QlMjJ3cC1ibG9jay10YWJsZSUyMiUzRSUwQSUzQ3RhYmxlJTNFJTBBJTNDdGJvZHklM0UlMEElM0N0ciUzRSUwQSUzQ3RkJTNFTU9ERUwlM0MlMkZ0ZCUzRSUwQSUzQ3RkJTNFRCVDNCVCOSVDNSVCREtBJTNDJTJGdGQlM0UlMEElM0N0ZCUzRSVDNSVBMCVDMyU4RFJLQSUzQyUyRnRkJTNFJTBBJTNDdGQlM0VIJUM0JUI5QktBJTNDJTJGdGQlM0UlMEElM0N0ZCUzRU9CSkVNJTNDJTJGdGQlM0UlMEElM0N0ZCUzRVJPTEVUQSUzQyUyRnRkJTNFJTBBJTNDJTJGdHIlM0UlMEElM0N0ciUzRSUwQSUzQ3RkJTNFWEwtRmFzdCUyMExhbmUlM0MlMkZ0ZCUzRSUwQSUzQ3RkJTNFMTIlMkMxNW0lM0MlMkZ0ZCUzRSUwQSUzQ3RkJTNFMiUyQzg5bSUzQyUyRnRkJTNFJTBBJTNDdGQlM0UxJTJDNTBtJTNDJTJGdGQlM0UlMEElM0N0ZCUzRTQzbSUzQ3N0cm9uZyUzRSVDMiVCMyUzQyUyRnN0cm9uZyUzRSUwQSUzQyUyRnRkJTNFJTBBJTNDdGQlM0UlMkIlM0MlMkZ0ZCUzRSUwQSUzQyUyRnRyJTNFJTBBJTNDJTJGdGJvZHklM0UlMEElM0MlMkZ0YWJsZSUzRSUwQSUzQyUyRmZpZ3VyZSUzRQ==[\/vc_raw_html][\/vc_column][\/vc_row][vc_row][vc_column]<div data-animation=\"fade-in\" data-delay=\"100\" data-duration=\"normal\" class=\"grve-element grve-image grve-align-center grve-animated-item\">\r\n\t<div class=\"grve-image-item\">\r\n\t\t\r\n\r\n<div class=\"grve-image-wrapper grve-no-effect\">\r\n\t\t<div class=\"grve-thumbnail-wrapper\"  style=\"width: 883px;\"><div class=\"grve-thumbnail\"  style=\"padding-top: 48.811%;\"><img loading=\"lazy\" decoding=\"async\" width=\"883\" height=\"431\" src=\"https:\/\/pool-spa.sk\/wp-content\/uploads\/2024\/02\/XL_Fast_Lane_122.png\" class=\"attachment-full size-full\" alt=\"\" data-column-space=\"auto\" data-lazyload=\"\" data-grve-filter=\"yes\" srcset=\"https:\/\/pool-spa.sk\/wp-content\/uploads\/2024\/02\/XL_Fast_Lane_122.png 883w, https:\/\/pool-spa.sk\/wp-content\/uploads\/2024\/02\/XL_Fast_Lane_122-300x146.png 300w, https:\/\/pool-spa.sk\/wp-content\/uploads\/2024\/02\/XL_Fast_Lane_122-768x375.png 768w\" sizes=\"auto, (max-width: 883px) 100vw, 883px\" \/><\/div><\/div>\t<\/div>\r\n\t<\/div>\r\n<\/div>\r\n[\/vc_column][\/vc_row]<\/p>\n<\/div>","protected":false},"excerpt":{"rendered":"<p>Luxusn\u00fd baz\u00e9n s \u010dist\u00fdmi l\u00edniami a nad\u010dasov\u00fdm dizajnom. To je v\u00fdnimo\u010dne \u00fazky a nekone\u010dne dlh\u00fd\u00a0<strong>zapusten\u00fd baz\u00e9n FAST LANE<\/strong>, ktor\u00fd sa dokonale dop\u013a\u0148a so s\u00fa\u010dasnou modernou architekt\u00farou.<\/p>\n","protected":false},"featured_media":909,"template":"","meta":[],"product_cat":[17,21],"product_tag":[],"class_list":{"0":"post-569","1":"product","2":"type-product","3":"status-publish","4":"has-post-thumbnail","6":"product_cat-keramicke-bazeny","7":"product_cat-velke-keramicke-bazeny","8":"grve-entry-item","10":"first","11":"instock","12":"shipping-taxable","13":"product-type-simple"},"_links":{"self":[{"href":"https:\/\/pool-spa.sk\/index.php\/wp-json\/wp\/v2\/product\/569","targetHints":{"allow":["GET"]}}],"collection":[{"href":"https:\/\/pool-spa.sk\/index.php\/wp-json\/wp\/v2\/product"}],"about":[{"href":"https:\/\/pool-spa.sk\/index.php\/wp-json\/wp\/v2\/types\/product"}],"wp:featuredmedia":[{"embeddable":true,"href":"https:\/\/pool-spa.sk\/index.php\/wp-json\/wp\/v2\/media\/909"}],"wp:attachment":[{"href":"https:\/\/pool-spa.sk\/index.php\/wp-json\/wp\/v2\/media?parent=569"}],"wp:term":[{"taxonomy":"product_cat","embeddable":true,"href":"https:\/\/pool-spa.sk\/index.php\/wp-json\/wp\/v2\/product_cat?post=569"},{"taxonomy":"product_tag","embeddable":true,"href":"https:\/\/pool-spa.sk\/index.php\/wp-json\/wp\/v2\/product_tag?post=569"}],"curies":[{"name":"wp","href":"https:\/\/api.w.org\/{rel}","templated":true}]}}