{"id":297,"date":"2021-09-15T11:57:21","date_gmt":"2021-09-15T11:57:21","guid":{"rendered":"https:\/\/pool-spa.sk\/index.php\/contact\/"},"modified":"2024-07-04T13:41:53","modified_gmt":"2024-07-04T13:41:53","slug":"kontakt","status":"publish","type":"page","link":"https:\/\/pool-spa.sk\/index.php\/kontakt\/","title":{"rendered":"Kontakt"},"content":{"rendered":"<div class=\"wpb-content-wrapper\"><p>[vc_row padding_top_multiplier=&#8220;4x&#8220; padding_bottom_multiplier=&#8220;4x&#8220; rc_bg_type=&#8220;color&#8220; rc_bg_color=&#8220;#eaeaea&#8220;][vc_column tablet_sm_width=&#8220;1-2&#8243;][vc_column_text text_style=&#8220;small-text&#8220;]Nev\u00e1hajte n\u00e1s kontaktova\u0165[\/vc_column_text]<div class=\"grve-empty-space grve-height-1x\"><\/div><h2 class=\"grve-element grve-title grve-align-inherit grve-h4\"><span>+421 911 979 709<br \/>\n+421 911 979 019<\/span><\/h2><div class=\"grve-empty-space grve-height-1x\"><\/div>[vc_column_text]<\/p>\n<h3><strong>Showroom baz\u00e9nov a v\u00edriviek<\/strong><\/h3>\n<p>Adresa : Po\u013en\u00e1 4173, 903 01<br \/>\nSenec, Slovensk\u00e1 Republika[\/vc_column_text]<div class=\"grve-empty-space grve-height-1x\"><\/div>[vc_row_inner][vc_column_inner vertical_content_position=&#8220;bottom&#8220; grve_css=&#8220;{&#8222;desktop&#8222;:{&#8222;padding-top&#8222;:&#8222;45&#8222;,&#8222;class&#8222;:&#8222;grve-wpb-1631860942592&#8222;}}&#8220;][vc_column_text]Email: info@pool-spa.sk[\/vc_column_text][\/vc_column_inner][\/vc_row_inner][\/vc_column][vc_column width=&#8220;2\/3&#8243; desktop_hide=&#8220;hide&#8220; tablet_width=&#8220;hide&#8220; tablet_sm_width=&#8220;hide&#8220; mobile_width=&#8220;hide&#8220;]\n<div class=\"wpcf7 no-js\" id=\"wpcf7-f7-o1\" lang=\"en-US\" dir=\"ltr\">\n<div class=\"screen-reader-response\"><p role=\"status\" aria-live=\"polite\" aria-atomic=\"true\"><\/p> <ul><\/ul><\/div>\n<form action=\"\/index.php\/wp-json\/wp\/v2\/pages\/297#wpcf7-f7-o1\" method=\"post\" class=\"wpcf7-form init\" aria-label=\"Contact form\" novalidate=\"novalidate\" data-status=\"init\">\n<div style=\"display: none;\">\n<input type=\"hidden\" name=\"_wpcf7\" value=\"7\" \/>\n<input type=\"hidden\" name=\"_wpcf7_version\" value=\"5.9.5\" \/>\n<input type=\"hidden\" name=\"_wpcf7_locale\" value=\"en_US\" \/>\n<input type=\"hidden\" name=\"_wpcf7_unit_tag\" value=\"wpcf7-f7-o1\" \/>\n<input type=\"hidden\" name=\"_wpcf7_container_post\" value=\"0\" \/>\n<input type=\"hidden\" name=\"_wpcf7_posted_data_hash\" value=\"\" \/>\n<\/div>\n<label> Meno\n    <span class=\"wpcf7-form-control-wrap\" data-name=\"your-name\"><input size=\"40\" class=\"wpcf7-form-control wpcf7-text wpcf7-validates-as-required\" autocomplete=\"name\" aria-required=\"true\" aria-invalid=\"false\" value=\"\" type=\"text\" name=\"your-name\" \/><\/span> <\/label>\n\n<label> E-mail\n    <span class=\"wpcf7-form-control-wrap\" data-name=\"your-email\"><input size=\"40\" class=\"wpcf7-form-control wpcf7-email wpcf7-validates-as-required wpcf7-text wpcf7-validates-as-email\" autocomplete=\"email\" aria-required=\"true\" aria-invalid=\"false\" value=\"\" type=\"email\" name=\"your-email\" \/><\/span> <\/label>\n\n<label> Tel. \u010d\u00edslo\n    <span class=\"wpcf7-form-control-wrap\" data-name=\"tel-702\"><input size=\"40\" class=\"wpcf7-form-control wpcf7-tel wpcf7-validates-as-required wpcf7-text wpcf7-validates-as-tel\" aria-required=\"true\" aria-invalid=\"false\" value=\"\" type=\"tel\" name=\"tel-702\" \/><\/span> <\/label>\n\n<label> Va\u0161a spr\u00e1va\n    <span class=\"wpcf7-form-control-wrap\" data-name=\"your-message\"><textarea cols=\"40\" rows=\"10\" class=\"wpcf7-form-control wpcf7-textarea wpcf7-validates-as-required\" aria-required=\"true\" aria-invalid=\"false\" name=\"your-message\"><\/textarea><\/span> <\/label>\n\n<input class=\"wpcf7-form-control wpcf7-submit has-spinner\" type=\"submit\" value=\"Odosla\u0165\" \/><div class=\"wpcf7-response-output\" aria-hidden=\"true\"><\/div>\n<\/form>\n<\/div>\n[\/vc_column][\/vc_row][vc_row][vc_column]<div class=\"grve-empty-space grve-height-1x\"><\/div>[vc_column_text]Na\u0161a spolo\u010dnos\u0165 Poo&amp;Spa je hrd\u00fdm z\u00e1stupcom prest\u00ed\u017enych zna\u010diek baz\u00e9nov <a href=\"https:\/\/www.compasspools.eu\">Compass<\/a> a v\u00edriviek <a href=\"https:\/\/www.calderaspas.com\">Caldera<\/a>. S dlhoro\u010dn\u00fdmi sk\u00fasenos\u0165ami v oblasti dom\u00e1ceho wellness prin\u00e1\u0161ame energeticky efekt\u00edvne a vysokokvalitn\u00e9 rie\u0161enia pre na\u0161ich z\u00e1kazn\u00edkov.<\/p>\n<p>Nav\u0161t\u00edvte n\u00e1s v\u00a0 Showroome v\u00edriviek Caldera a baz\u00e9nov Compass.<\/p>\n<h3><strong>Dohodnite si konzult\u00e1ciu<\/strong><\/h3>\n<p>Pl\u00e1nujete stavbu<strong> baz\u00e9nu<\/strong>\u00a0a zatia\u013e neviete, \u010do to obn\u00e1\u0161a? Vypl\u0148te pros\u00edm formul\u00e1r, radi sa s Vami spoj\u00edme.<\/p>\n<p><strong>Dohodnite si s nami stretnutie<\/strong>, alebo pr\u00ed\u010fte ktor\u00fdko\u013evek pracovn\u00fd de\u0148 od\u00a0<strong>8:30 do 16:00. Po dohode aj v in\u00fd \u010das.<\/strong><\/p>\n<p>Te\u0161\u00ed sa na v\u00e1s<br \/>\n<strong>Karel Kocourek<\/strong>\u00a0\u2013 predaj <a href=\"tel:+421\u00a0911\u00a0979\u00a0709\">+421\u00a0911\u00a0979\u00a0709<\/a><br \/>\n<strong>Vladim\u00edr Winter<\/strong>\u00a0\u2013 predaj\u00a0<a href=\"tel:+421\u00a0911\u00a0979\u00a0019\">+421\u00a0911\u00a0979\u00a0019<\/a><br \/>\n<strong>Technick\u00e9 poradenstvo<\/strong>\u00a0<a href=\"tel:+421\u00a0902\u00a0800%20900\">+421\u00a0902\u00a0800 900<\/a>[\/vc_column_text][\/vc_column][\/vc_row]<\/p>\n<\/div>","protected":false},"excerpt":{"rendered":"<p>[vc_row padding_top_multiplier=&#8220;4x&#8220; padding_bottom_multiplier=&#8220;4x&#8220; rc_bg_type=&#8220;color&#8220; rc_bg_color=&#8220;#eaeaea&#8220;][vc_column tablet_sm_width=&#8220;1-2&#8243;][vc_column_text text_style=&#8220;small-text&#8220;]Nev\u00e1hajte n\u00e1s kontaktova\u0165[\/vc_column_text][vc_column_text] Showroom baz\u00e9nov a v\u00edriviek Adresa : Po\u013en\u00e1 4173, 903 01 Senec, Slovensk\u00e1 Republika[\/vc_column_text][vc_row_inner][vc_column_inner vertical_content_position=&#8220;bottom&#8220; grve_css=&#8220;{&#8222;desktop&#8222;:{&#8222;padding-top&#8222;:&#8222;45&#8222;,&#8222;class&#8222;:&#8222;grve-wpb-1631860942592&#8222;}}&#8220;][vc_column_text]Email: info@pool-spa.sk[\/vc_column_text][\/vc_column_inner][\/vc_row_inner][\/vc_column][vc_column width=&#8220;2\/3&#8243; desktop_hide=&#8220;hide&#8220; tablet_width=&#8220;hide&#8220; tablet_sm_width=&#8220;hide&#8220; mobile_width=&#8220;hide&#8220;][\/vc_column][\/vc_row][vc_row][vc_column][vc_column_text]Na\u0161a spolo\u010dnos\u0165 Poo&amp;Spa je hrd\u00fdm z\u00e1stupcom prest\u00ed\u017enych zna\u010diek baz\u00e9nov Compass a v\u00edriviek Caldera. S dlhoro\u010dn\u00fdmi sk\u00fasenos\u0165ami v oblasti dom\u00e1ceho wellness prin\u00e1\u0161ame energeticky efekt\u00edvne a vysokokvalitn\u00e9 rie\u0161enia [&hellip;]<\/p>\n","protected":false},"author":1,"featured_media":0,"parent":0,"menu_order":0,"comment_status":"closed","ping_status":"closed","template":"","meta":{"footnotes":""},"class_list":["post-297","page","type-page","status-publish","hentry","grve-entry-item"],"_links":{"self":[{"href":"https:\/\/pool-spa.sk\/index.php\/wp-json\/wp\/v2\/pages\/297","targetHints":{"allow":["GET"]}}],"collection":[{"href":"https:\/\/pool-spa.sk\/index.php\/wp-json\/wp\/v2\/pages"}],"about":[{"href":"https:\/\/pool-spa.sk\/index.php\/wp-json\/wp\/v2\/types\/page"}],"author":[{"embeddable":true,"href":"https:\/\/pool-spa.sk\/index.php\/wp-json\/wp\/v2\/users\/1"}],"replies":[{"embeddable":true,"href":"https:\/\/pool-spa.sk\/index.php\/wp-json\/wp\/v2\/comments?post=297"}],"version-history":[{"count":8,"href":"https:\/\/pool-spa.sk\/index.php\/wp-json\/wp\/v2\/pages\/297\/revisions"}],"predecessor-version":[{"id":1292,"href":"https:\/\/pool-spa.sk\/index.php\/wp-json\/wp\/v2\/pages\/297\/revisions\/1292"}],"wp:attachment":[{"href":"https:\/\/pool-spa.sk\/index.php\/wp-json\/wp\/v2\/media?parent=297"}],"curies":[{"name":"wp","href":"https:\/\/api.w.org\/{rel}","templated":true}]}}