{"id":1199,"date":"2024-05-31T13:55:33","date_gmt":"2024-05-31T13:55:33","guid":{"rendered":"https:\/\/pool-spa.sk\/index.php\/filtracna-napln-zeopure-copy\/"},"modified":"2024-06-05T08:02:26","modified_gmt":"2024-06-05T08:02:26","slug":"hydroeco-pool","status":"publish","type":"page","link":"https:\/\/pool-spa.sk\/index.php\/hydroeco-pool\/","title":{"rendered":"HydroEco Pool"},"content":{"rendered":"<div class=\"wpb-content-wrapper\"><p>[vc_row][vc_column]<div class=\"grve-empty-space grve-height-1x\"><\/div>[vc_column_text]<\/p>\n<h2>HydroEco \u2013 baz\u00e9n bez zazimovania<\/h2>\n<h3>Syst\u00e9m pre baz\u00e9ny, ktor\u00fd nevy\u017eaduje vyp\u00fa\u0161\u0165a\u0165 baz\u00e9nov\u00fa vodu na zimu.<\/h3>\n<p>N\u00e1vratnos\u0165 HydroEco Pool je u\u017e po prvom roku prev\u00e1dzkovania.<\/p>\n<h3>N\u00e1klady a u\u0161etren\u00e9 peniaze:<\/h3>\n<ul>\n<li>N\u00e1kup a in\u0161tal\u00e1cia zariadenia\u00a0<strong>HydroEco<\/strong>\u00a0\u2013\u00a0<strong>420 EUR<\/strong><\/li>\n<li>Prev\u00e1dzkov\u00e9 n\u00e1klady \u2013 ka\u017ed\u00fd rok:\u00a0<strong>50-80 EUR\u00a0<\/strong>za spotrebovan\u00fa elektrinu a na prev\u00e1dzku filtr\u00e1cie<\/li>\n<li>\u00daspora \u2013 ka\u017ed\u00fd rok:\u00a0\u00a0<strong>260 \u2013 600 EUR<\/strong>\u00a0na zazimovanie a zajarnenie baz\u00e9na<\/li>\n<\/ul>\n<p>[\/vc_column_text][\/vc_column][\/vc_row][vc_row][vc_column width=&#8220;1\/3&#8243;][\/vc_column][vc_column width=&#8220;1\/3&#8243;]<div class=\"grve-element grve-image grve-align-center\">\r\n\t<div class=\"grve-image-item\">\r\n\t\t\r\n\r\n<div class=\"grve-image-wrapper grve-no-effect\">\r\n\t\t<div class=\"grve-thumbnail-wrapper\"  style=\"width: 1600px;\"><div class=\"grve-thumbnail\"  style=\"padding-top: 75%;\"><img loading=\"lazy\" decoding=\"async\" width=\"1600\" height=\"1200\" src=\"https:\/\/pool-spa.sk\/wp-content\/uploads\/2024\/06\/x01.jpg\" class=\"attachment-full size-full\" alt=\"\" data-column-space=\"auto\" data-lazyload=\"\" data-grve-filter=\"yes\" srcset=\"https:\/\/pool-spa.sk\/wp-content\/uploads\/2024\/06\/x01.jpg 1600w, https:\/\/pool-spa.sk\/wp-content\/uploads\/2024\/06\/x01-300x225.jpg 300w, https:\/\/pool-spa.sk\/wp-content\/uploads\/2024\/06\/x01-1024x768.jpg 1024w, https:\/\/pool-spa.sk\/wp-content\/uploads\/2024\/06\/x01-768x576.jpg 768w, https:\/\/pool-spa.sk\/wp-content\/uploads\/2024\/06\/x01-1536x1152.jpg 1536w, https:\/\/pool-spa.sk\/wp-content\/uploads\/2024\/06\/x01-560x420.jpg 560w, https:\/\/pool-spa.sk\/wp-content\/uploads\/2024\/06\/x01-900x675.jpg 900w\" sizes=\"auto, (max-width: 1600px) 100vw, 1600px\" \/><\/div><\/div>\t<\/div>\r\n\t<\/div>\r\n<\/div>\r\n[\/vc_column][vc_column width=&#8220;1\/3&#8243;][\/vc_column][\/vc_row]<\/p>\n<\/div>","protected":false},"excerpt":{"rendered":"<p>[vc_row][vc_column][vc_column_text] HydroEco \u2013 baz\u00e9n bez zazimovania Syst\u00e9m pre baz\u00e9ny, ktor\u00fd nevy\u017eaduje vyp\u00fa\u0161\u0165a\u0165 baz\u00e9nov\u00fa vodu na zimu. N\u00e1vratnos\u0165 HydroEco Pool je u\u017e po prvom roku prev\u00e1dzkovania. N\u00e1klady a u\u0161etren\u00e9 peniaze: N\u00e1kup a in\u0161tal\u00e1cia zariadenia\u00a0HydroEco\u00a0\u2013\u00a0420 EUR Prev\u00e1dzkov\u00e9 n\u00e1klady \u2013 ka\u017ed\u00fd rok:\u00a050-80 EUR\u00a0za spotrebovan\u00fa elektrinu a na prev\u00e1dzku filtr\u00e1cie \u00daspora \u2013 ka\u017ed\u00fd rok:\u00a0\u00a0260 \u2013 600 EUR\u00a0na zazimovanie a [&hellip;]<\/p>\n","protected":false},"author":1,"featured_media":0,"parent":0,"menu_order":0,"comment_status":"closed","ping_status":"closed","template":"","meta":{"footnotes":""},"class_list":["post-1199","page","type-page","status-publish","hentry","grve-entry-item"],"_links":{"self":[{"href":"https:\/\/pool-spa.sk\/index.php\/wp-json\/wp\/v2\/pages\/1199","targetHints":{"allow":["GET"]}}],"collection":[{"href":"https:\/\/pool-spa.sk\/index.php\/wp-json\/wp\/v2\/pages"}],"about":[{"href":"https:\/\/pool-spa.sk\/index.php\/wp-json\/wp\/v2\/types\/page"}],"author":[{"embeddable":true,"href":"https:\/\/pool-spa.sk\/index.php\/wp-json\/wp\/v2\/users\/1"}],"replies":[{"embeddable":true,"href":"https:\/\/pool-spa.sk\/index.php\/wp-json\/wp\/v2\/comments?post=1199"}],"version-history":[{"count":1,"href":"https:\/\/pool-spa.sk\/index.php\/wp-json\/wp\/v2\/pages\/1199\/revisions"}],"predecessor-version":[{"id":1254,"href":"https:\/\/pool-spa.sk\/index.php\/wp-json\/wp\/v2\/pages\/1199\/revisions\/1254"}],"wp:attachment":[{"href":"https:\/\/pool-spa.sk\/index.php\/wp-json\/wp\/v2\/media?parent=1199"}],"curies":[{"name":"wp","href":"https:\/\/api.w.org\/{rel}","templated":true}]}}