{"id":1148,"date":"2024-05-29T14:07:41","date_gmt":"2024-05-29T14:07:41","guid":{"rendered":"https:\/\/pool-spa.sk\/index.php\/tepelne-cerpadlo-copy\/"},"modified":"2024-06-04T14:46:47","modified_gmt":"2024-06-04T14:46:47","slug":"bazenove-cerpadla","status":"publish","type":"page","link":"https:\/\/pool-spa.sk\/index.php\/bazenove-cerpadla\/","title":{"rendered":"Baz\u00e9nov\u00e9 \u010derpadl\u00e1"},"content":{"rendered":"<div class=\"wpb-content-wrapper\"><p>[vc_row][vc_column]<div class=\"grve-empty-space grve-height-1x\"><\/div>[vc_column_text]<\/p>\n<h2>\u00dasporn\u00e1 Rada \u010cerpadiel<\/h2>\n<p><strong>Compass Pump<\/strong> prin\u00e1\u0161a ekonomick\u00e9 rie\u0161enie\u00a0 prev\u00e1dzky pre ka\u017ed\u00fd baz\u00e9n s najnov\u0161ou gener\u00e1ciou filtra\u010dn\u00fdch \u010derpadiel. S na\u0161imi produktami z\u00edskate spo\u013eahlivos\u0165, \u00fasporu energie a vysok\u00fa \u00fa\u010dinnos\u0165, \u010do zais\u0165uje dlhodob\u00fa spokojnos\u0165 a minim\u00e1lnu potrebu \u00fadr\u017eby.<\/p>\n<p>Objavte, ako Compass Pump m\u00f4\u017ee vylep\u0161i\u0165 kvalitu a funk\u010dnos\u0165 v\u00e1\u0161ho baz\u00e9na.<\/p>\n<h3><strong>Compass Pump<\/strong><\/h3>\n<ul>\n<li><strong>Osved\u010den\u00e9 a Vytrval\u00e9:<\/strong> Flexibiln\u00e9 \u010derpadlo s vysokou v\u00fdkonnos\u0165ou, ide\u00e1lne pre \u0161irok\u00e9 spektrum aplik\u00e1ci\u00ed.<\/li>\n<\/ul>\n<h3><strong>Compass Pump Pro<\/strong><\/h3>\n<ul>\n<li><strong>Spo\u013eahlivos\u0165 a Kvalita:<\/strong> Premium obehov\u00e9 \u010derpadlo s 5-ro\u010dnou z\u00e1rukou kvality.<\/li>\n<\/ul>\n<h3><strong>Compass Pump VS<\/strong><\/h3>\n<ul>\n<li><strong>Inteligentn\u00e9 Rie\u0161enie:<\/strong> Vysoko \u00fa\u010dinn\u00e9 a tich\u00e9 \u010derpadlo, ktor\u00e9 optimalizuje svoj v\u00fdkon pre maxim\u00e1lnu efektivitu.<\/li>\n<\/ul>\n<p><strong>Compass Pump Pro VS<\/strong><\/p>\n<ul>\n<li><strong>Pre N\u00e1ro\u010dn\u00fdch:<\/strong> Pr\u00e9miovo \u00fasporn\u00e9 a \u00fa\u010dinn\u00e9 inteligentn\u00e9 \u010derpadlo pre najvy\u0161\u0161ie po\u017eiadavky.<\/li>\n<\/ul>\n<p>Ka\u017ed\u00e9 z na\u0161ich \u010derpadiel Compass Pump je navrhnut\u00e9 tak, aby zabezpe\u010dilo efekt\u00edvne a ekonomick\u00e9 rie\u0161enie pre va\u0161u dom\u00e1cnos\u0165 alebo komer\u010dn\u00fd projekt. Spojte sa s nami e\u0161te dnes a zistite, ako m\u00f4\u017ee Compass Pump zmeni\u0165 v\u00e1\u0161 baz\u00e9n na lep\u0161ie.<\/p>\n<p><strong>Hlavn\u00e9 v\u00fdhody <\/strong><\/p>\n<ul>\n<li><strong>Energetick\u00e1 efekt\u00edvnos\u0165:<\/strong> \u010cerpadl\u00e1 s\u00fa navrhnut\u00e9 tak, aby minimalizovali spotrebu energie pomocou variabiln\u00fdch r\u00fdchlost\u00ed, \u010do z\u00e1kazn\u00edkom umo\u017e\u0148uje \u0161etri\u0165 na n\u00e1kladoch za elektrick\u00fa energiu pri zachovan\u00ed vysok\u00e9ho v\u00fdkonu.<\/li>\n<li><strong>Vysokokvalitn\u00fd materi\u00e1l:<\/strong> Komponenty \u010derpadiel s\u00fa vyroben\u00e9 z plastu vystu\u017een\u00e9ho sklenen\u00fdmi vl\u00e1knami, ktor\u00fd zabezpe\u010duje vysok\u00fa odolnos\u0165 proti mechanick\u00e9mu po\u0161kodeniu a kor\u00f3zii, zais\u0165uj\u00fac tak dlh\u00fa \u017eivotnos\u0165 zariadenia.<\/li>\n<li><strong>Ve\u013emi tich\u00fd chod:<\/strong> Na\u0161e \u010derpadl\u00e1 s\u00fa navrhnut\u00e9 tak, aby ich prev\u00e1dzka bola \u010do najtich\u0161ia, \u010do je ide\u00e1lne pre dom\u00e1ce prostredie, kde je d\u00f4le\u017eit\u00e9 zachovanie pokojn\u00e9ho a tich\u00e9ho okolia.<\/li>\n<li><strong>Roz\u0161\u00edren\u00e1 z\u00e1ruka:<\/strong> Pon\u00fakame a\u017e 5-ro\u010dn\u00fa z\u00e1ruku na na\u0161e \u010derpadl\u00e1, \u010do odzrkad\u013euje na\u0161u d\u00f4veru v ich kvalitu a odolnos\u0165. T\u00e1to z\u00e1ruka poskytuje z\u00e1kazn\u00edkom istotu a zni\u017euje obavy z mo\u017en\u00fdch bud\u00facich opr\u00e1v.<\/li>\n<li><strong>Jednoduch\u00e1 \u00fadr\u017eba:<\/strong> \u010cerpadl\u00e1 s\u00fa navrhnut\u00e9 s my\u0161lienkou na jednoduchos\u0165 \u00fadr\u017eby, vr\u00e1tane funkci\u00ed ako automatick\u00e9 odvzdu\u0161\u0148ovanie a \u013eahk\u00e9 \u010distenie. Tieto funkcie zjednodu\u0161uj\u00fa be\u017en\u00fa \u00fadr\u017ebu a pom\u00e1haj\u00fa udr\u017eiava\u0165 \u010derpadlo v optim\u00e1lnom stave bez potreby \u010dast\u00fdch servisn\u00fdch z\u00e1sahov<\/li>\n<\/ul>\n<p>[\/vc_column_text][vc_row_inner][vc_column_inner width=&#8220;1\/4&#8243;]<div class=\"grve-element grve-image grve-align-center\">\r\n\t<div class=\"grve-image-item\">\r\n\t\t\r\n\r\n<div class=\"grve-image-wrapper grve-no-effect\">\r\n\t\t<div class=\"grve-thumbnail-wrapper\"  style=\"width: 1000px;\"><div class=\"grve-thumbnail\"  style=\"padding-top: 66.7%;\"><img loading=\"lazy\" decoding=\"async\" width=\"1000\" height=\"667\" src=\"https:\/\/pool-spa.sk\/wp-content\/uploads\/2024\/06\/Compass-Pump-Pro-VS.jpg\" class=\"attachment-full size-full\" alt=\"\" data-column-space=\"auto\" data-lazyload=\"\" data-grve-filter=\"yes\" srcset=\"https:\/\/pool-spa.sk\/wp-content\/uploads\/2024\/06\/Compass-Pump-Pro-VS.jpg 1000w, https:\/\/pool-spa.sk\/wp-content\/uploads\/2024\/06\/Compass-Pump-Pro-VS-300x200.jpg 300w, https:\/\/pool-spa.sk\/wp-content\/uploads\/2024\/06\/Compass-Pump-Pro-VS-768x512.jpg 768w\" sizes=\"auto, (max-width: 1000px) 100vw, 1000px\" \/><\/div><\/div>\t<\/div>\r\n\t<\/div>\r\n<\/div>\r\n[\/vc_column_inner][vc_column_inner width=&#8220;1\/4&#8243;]<div class=\"grve-element grve-image grve-align-center\">\r\n\t<div class=\"grve-image-item\">\r\n\t\t\r\n\r\n<div class=\"grve-image-wrapper grve-no-effect\">\r\n\t\t<div class=\"grve-thumbnail-wrapper\"  style=\"width: 1000px;\"><div class=\"grve-thumbnail\"  style=\"padding-top: 66.7%;\"><img loading=\"lazy\" decoding=\"async\" width=\"1000\" height=\"667\" src=\"https:\/\/pool-spa.sk\/wp-content\/uploads\/2024\/06\/Compass-Pump-Pro.jpg\" class=\"attachment-full size-full\" alt=\"\" data-column-space=\"auto\" data-lazyload=\"\" data-grve-filter=\"yes\" srcset=\"https:\/\/pool-spa.sk\/wp-content\/uploads\/2024\/06\/Compass-Pump-Pro.jpg 1000w, https:\/\/pool-spa.sk\/wp-content\/uploads\/2024\/06\/Compass-Pump-Pro-300x200.jpg 300w, https:\/\/pool-spa.sk\/wp-content\/uploads\/2024\/06\/Compass-Pump-Pro-768x512.jpg 768w\" sizes=\"auto, (max-width: 1000px) 100vw, 1000px\" \/><\/div><\/div>\t<\/div>\r\n\t<\/div>\r\n<\/div>\r\n[\/vc_column_inner][vc_column_inner width=&#8220;1\/4&#8243;]<div class=\"grve-element grve-image grve-align-center\">\r\n\t<div class=\"grve-image-item\">\r\n\t\t\r\n\r\n<div class=\"grve-image-wrapper grve-no-effect\">\r\n\t\t<div class=\"grve-thumbnail-wrapper\"  style=\"width: 1000px;\"><div class=\"grve-thumbnail\"  style=\"padding-top: 66.7%;\"><img loading=\"lazy\" decoding=\"async\" width=\"1000\" height=\"667\" src=\"https:\/\/pool-spa.sk\/wp-content\/uploads\/2024\/06\/Compass-Pump.jpg\" class=\"attachment-full size-full\" alt=\"\" data-column-space=\"auto\" data-lazyload=\"\" data-grve-filter=\"yes\" srcset=\"https:\/\/pool-spa.sk\/wp-content\/uploads\/2024\/06\/Compass-Pump.jpg 1000w, https:\/\/pool-spa.sk\/wp-content\/uploads\/2024\/06\/Compass-Pump-300x200.jpg 300w, https:\/\/pool-spa.sk\/wp-content\/uploads\/2024\/06\/Compass-Pump-768x512.jpg 768w\" sizes=\"auto, (max-width: 1000px) 100vw, 1000px\" \/><\/div><\/div>\t<\/div>\r\n\t<\/div>\r\n<\/div>\r\n[\/vc_column_inner][vc_column_inner width=&#8220;1\/4&#8243;]<div class=\"grve-element grve-image grve-align-center\">\r\n\t<div class=\"grve-image-item\">\r\n\t\t\r\n\r\n<div class=\"grve-image-wrapper grve-no-effect\">\r\n\t\t<div class=\"grve-thumbnail-wrapper\"  style=\"width: 1000px;\"><div class=\"grve-thumbnail\"  style=\"padding-top: 66.7%;\"><img loading=\"lazy\" decoding=\"async\" width=\"1000\" height=\"667\" src=\"https:\/\/pool-spa.sk\/wp-content\/uploads\/2024\/06\/Compass-Vario-Speed.jpg\" class=\"attachment-full size-full\" alt=\"\" data-column-space=\"auto\" data-lazyload=\"\" data-grve-filter=\"yes\" srcset=\"https:\/\/pool-spa.sk\/wp-content\/uploads\/2024\/06\/Compass-Vario-Speed.jpg 1000w, https:\/\/pool-spa.sk\/wp-content\/uploads\/2024\/06\/Compass-Vario-Speed-300x200.jpg 300w, https:\/\/pool-spa.sk\/wp-content\/uploads\/2024\/06\/Compass-Vario-Speed-768x512.jpg 768w\" sizes=\"auto, (max-width: 1000px) 100vw, 1000px\" \/><\/div><\/div>\t<\/div>\r\n\t<\/div>\r\n<\/div>\r\n[\/vc_column_inner][\/vc_row_inner][\/vc_column][\/vc_row]<\/p>\n<\/div>","protected":false},"excerpt":{"rendered":"<p>[vc_row][vc_column][vc_column_text] \u00dasporn\u00e1 Rada \u010cerpadiel Compass Pump prin\u00e1\u0161a ekonomick\u00e9 rie\u0161enie\u00a0 prev\u00e1dzky pre ka\u017ed\u00fd baz\u00e9n s najnov\u0161ou gener\u00e1ciou filtra\u010dn\u00fdch \u010derpadiel. S na\u0161imi produktami z\u00edskate spo\u013eahlivos\u0165, \u00fasporu energie a vysok\u00fa \u00fa\u010dinnos\u0165, \u010do zais\u0165uje dlhodob\u00fa spokojnos\u0165 a minim\u00e1lnu potrebu \u00fadr\u017eby. Objavte, ako Compass Pump m\u00f4\u017ee vylep\u0161i\u0165 kvalitu a funk\u010dnos\u0165 v\u00e1\u0161ho baz\u00e9na. Compass Pump Osved\u010den\u00e9 a Vytrval\u00e9: Flexibiln\u00e9 \u010derpadlo s [&hellip;]<\/p>\n","protected":false},"author":1,"featured_media":0,"parent":0,"menu_order":0,"comment_status":"closed","ping_status":"closed","template":"","meta":{"footnotes":""},"class_list":["post-1148","page","type-page","status-publish","hentry","grve-entry-item"],"_links":{"self":[{"href":"https:\/\/pool-spa.sk\/index.php\/wp-json\/wp\/v2\/pages\/1148","targetHints":{"allow":["GET"]}}],"collection":[{"href":"https:\/\/pool-spa.sk\/index.php\/wp-json\/wp\/v2\/pages"}],"about":[{"href":"https:\/\/pool-spa.sk\/index.php\/wp-json\/wp\/v2\/types\/page"}],"author":[{"embeddable":true,"href":"https:\/\/pool-spa.sk\/index.php\/wp-json\/wp\/v2\/users\/1"}],"replies":[{"embeddable":true,"href":"https:\/\/pool-spa.sk\/index.php\/wp-json\/wp\/v2\/comments?post=1148"}],"version-history":[{"count":2,"href":"https:\/\/pool-spa.sk\/index.php\/wp-json\/wp\/v2\/pages\/1148\/revisions"}],"predecessor-version":[{"id":1220,"href":"https:\/\/pool-spa.sk\/index.php\/wp-json\/wp\/v2\/pages\/1148\/revisions\/1220"}],"wp:attachment":[{"href":"https:\/\/pool-spa.sk\/index.php\/wp-json\/wp\/v2\/media?parent=1148"}],"curies":[{"name":"wp","href":"https:\/\/api.w.org\/{rel}","templated":true}]}}